{"id":297,"date":"2017-07-06T22:52:14","date_gmt":"2017-07-06T22:52:14","guid":{"rendered":"https:\/\/firmafotografen.no\/?page_id=297"},"modified":"2018-04-27T14:38:44","modified_gmt":"2018-04-27T14:38:44","slug":"lokasjon-by","status":"publish","type":"page","link":"https:\/\/firmafotografen.no\/en\/lokasjon-by\/","title":{"rendered":"Velg Lokasjon &#8211; By"},"content":{"rendered":"<div id=\"pl-297\" class=\"panel-layout\">\r\n<div id=\"pg-297-0\" class=\"panel-grid panel-no-style\" data-style=\"{&quot;background_display&quot;:&quot;tile&quot;,&quot;cell_alignment&quot;:&quot;flex-start&quot;}\">\r\n<div id=\"pgc-297-0-0\" class=\"panel-grid-cell\" data-weight=\"0.5\">\r\n<div id=\"panel-297-0-0-0\" class=\"so-panel widget widget_sow-editor panel-first-child panel-last-child\" data-index=\"0\" data-style=\"{&quot;background_display&quot;:&quot;tile&quot;}\">\r\n<div class=\"so-widget-sow-editor so-widget-sow-editor-base\">\r\n<h3 class=\"widget-title\">Oslo Fotograf<\/h3>\r\n<div class=\"siteorigin-widget-tinymce textwidget\">\r\n<div class=\"siteorigin-widget-tinymce textwidget\">\r\n\r\n<a href=\"https:\/\/firmafotografen.no\/lokasjon-by\/oslo-fotograf-pris\/\"><img decoding=\"async\" loading=\"lazy\" class=\"alignleft wp-image-301 size-full\" title=\"superframe\" src=\"https:\/\/firmafotografen.no\/assets\/uploads\/oslo-fotograf.jpg\" alt=\"\" width=\"407\" height=\"200\" srcset=\"https:\/\/firmafotografen.no\/assets\/uploads\/oslo-fotograf.jpg 407w, https:\/\/firmafotografen.no\/assets\/uploads\/oslo-fotograf-150x74.jpg 150w\" sizes=\"(max-width: 407px) 100vw, 407px\" \/><\/a>\r\n\r\n<\/div>\r\n<\/div>\r\n<\/div>\r\n<\/div>\r\n<\/div>\r\n<div id=\"pgc-297-0-1\" class=\"panel-grid-cell\" data-weight=\"0.5\">\r\n<div id=\"panel-297-0-1-0\" class=\"so-panel widget widget_sow-editor panel-first-child panel-last-child\" data-index=\"1\" data-style=\"{&quot;background_display&quot;:&quot;tile&quot;}\">\r\n<div class=\"so-widget-sow-editor so-widget-sow-editor-base\">\r\n<h3 class=\"widget-title\">Drammen Fotograf<\/h3>\r\n<div class=\"siteorigin-widget-tinymce textwidget\">\r\n<div class=\"siteorigin-widget-tinymce textwidget\">\r\n\r\n<a href=\"https:\/\/firmafotografen.no\/lokasjon-by\/uploads\/drammen-fotograf-pris\/\"><img decoding=\"async\" loading=\"lazy\" class=\"alignleft wp-image-300 size-full\" title=\"superframe\" src=\"https:\/\/firmafotografen.no\/assets\/uploads\/drammen-fotograf.jpg\" alt=\"\" width=\"480\" height=\"244\" srcset=\"https:\/\/firmafotografen.no\/assets\/uploads\/drammen-fotograf.jpg 480w, https:\/\/firmafotografen.no\/assets\/uploads\/drammen-fotograf-430x219.jpg 430w, https:\/\/firmafotografen.no\/assets\/uploads\/drammen-fotograf-150x76.jpg 150w\" sizes=\"(max-width: 480px) 100vw, 480px\" \/><\/a>\r\n\r\n<\/div>\r\n<\/div>\r\n<\/div>\r\n<\/div>\r\n<\/div>\r\n<\/div>\r\n<div id=\"pg-297-1\" class=\"panel-grid panel-no-style\" data-style=\"{&quot;background_display&quot;:&quot;tile&quot;,&quot;cell_alignment&quot;:&quot;flex-start&quot;}\">\r\n<div id=\"pgc-297-1-0\" class=\"panel-grid-cell\" data-weight=\"0.5\">\r\n<div id=\"panel-297-1-0-0\" class=\"so-panel widget widget_sow-editor panel-first-child panel-last-child\" data-index=\"2\" data-style=\"{&quot;background_display&quot;:&quot;tile&quot;}\">\r\n<div class=\"so-widget-sow-editor so-widget-sow-editor-base\">\r\n<h3><\/h3>\r\n<h3><\/h3>\r\n<h3><\/h3>\r\n<h3><\/h3>\r\n<h3><\/h3>\r\n<h3><\/h3>\r\n<h3 class=\"widget-title\">Lillestr\u00f8m Fotograf<\/h3>\r\n<div class=\"siteorigin-widget-tinymce textwidget\">\r\n<div class=\"siteorigin-widget-tinymce textwidget\">\r\n\r\n<a href=\"https:\/\/firmafotografen.no\/lokasjon-by\/lillestrom-fotografer-priser\/\"><img decoding=\"async\" loading=\"lazy\" class=\"alignleft wp-image-302 size-full\" title=\"superframe\" src=\"https:\/\/firmafotografen.no\/assets\/uploads\/lillestrom-fotograf-pris.jpg\" alt=\"\" width=\"500\" height=\"246\" srcset=\"https:\/\/firmafotografen.no\/assets\/uploads\/lillestrom-fotograf-pris.jpg 500w, https:\/\/firmafotografen.no\/assets\/uploads\/lillestrom-fotograf-pris-430x212.jpg 430w, https:\/\/firmafotografen.no\/assets\/uploads\/lillestrom-fotograf-pris-150x74.jpg 150w\" sizes=\"(max-width: 500px) 100vw, 500px\" \/><\/a>\r\n\r\n<\/div>\r\n<\/div>\r\n<\/div>\r\n<\/div>\r\n<\/div>\r\n<div id=\"pgc-297-1-1\" class=\"panel-grid-cell\" data-weight=\"0.5\">\r\n<div id=\"panel-297-1-1-0\" class=\"so-panel widget widget_sow-editor panel-first-child panel-last-child\" data-index=\"3\" data-style=\"{&quot;background_display&quot;:&quot;tile&quot;}\">\r\n<div class=\"so-widget-sow-editor so-widget-sow-editor-base\">\r\n<h3 class=\"widget-title\">Hele landet &#8211; Norge Fotograf<\/h3>\r\n<div class=\"siteorigin-widget-tinymce textwidget\">\r\n<div class=\"siteorigin-widget-tinymce textwidget\">\r\n\r\n<a href=\"https:\/\/firmafotografen.no\/lokasjon-by\/fotografer-med-konkurransedyktige-priser-i-norske-byer\/\"><img decoding=\"async\" loading=\"lazy\" class=\"alignleft wp-image-303 size-full\" title=\"superframe\" src=\"https:\/\/firmafotografen.no\/assets\/uploads\/norge-fotograf.jpg\" alt=\"\" width=\"500\" height=\"248\" srcset=\"https:\/\/firmafotografen.no\/assets\/uploads\/norge-fotograf.jpg 500w, https:\/\/firmafotografen.no\/assets\/uploads\/norge-fotograf-430x213.jpg 430w, https:\/\/firmafotografen.no\/assets\/uploads\/norge-fotograf-150x74.jpg 150w\" sizes=\"(max-width: 500px) 100vw, 500px\" \/><\/a>\r\n\r\n<\/div>\r\n<\/div>\r\n<\/div>\r\n<\/div>\r\n<\/div>\r\n<\/div>\r\n<div id=\"pg-297-2\" class=\"panel-grid panel-no-style\" data-style=\"{&quot;background_display&quot;:&quot;tile&quot;,&quot;cell_alignment&quot;:&quot;flex-start&quot;}\">\r\n<div id=\"pgc-297-2-0\" class=\"panel-grid-cell panel-grid-cell-mobile-last\" data-weight=\"0.5\">\r\n<div id=\"panel-297-2-0-0\" class=\"so-panel widget widget_sow-editor panel-first-child panel-last-child\" data-index=\"4\" data-style=\"{&quot;background_display&quot;:&quot;tile&quot;}\">\r\n<div class=\"so-widget-sow-editor so-widget-sow-editor-base\">\r\n<div class=\"siteorigin-widget-tinymce textwidget\">\r\n\r\n&nbsp;\r\n\r\n<strong>BOOKING OG TIMEBESTILLING, FOTOJOBB<\/strong>\r\nVi sender ut fotografer til hele landet for st\u00f8rre oppdrag og det kan forekomme reisetillegg for lengre distanser.\r\n\r\nS\u00f8rg for \u00e5 bestille eller booke fotograf tidlig for omr\u00e5der langt fra Oslo, da v\u00e5re fotografer jobber hovedsakelig her.\r\n\r\n<a href=\"https:\/\/firmafotografen.no\/kontakt-oslo-fotograf\/\">Kontakt oss direkte for booking og pristilbud.<\/a>\r\n\r\n<\/div>\r\n<\/div>\r\n<\/div>\r\n<\/div>\r\n<div id=\"pgc-297-2-1\" class=\"panel-grid-cell panel-grid-cell-empty\" data-weight=\"0.5\"><\/div>\r\n<\/div>\r\n<div id=\"pg-297-3\" class=\"panel-grid panel-no-style\" data-style=\"{&quot;background_image_attachment&quot;:false,&quot;background_display&quot;:&quot;tile&quot;,&quot;cell_alignment&quot;:&quot;flex-start&quot;}\">\r\n<div id=\"pgc-297-3-0\" class=\"panel-grid-cell panel-grid-cell-mobile-last\" data-weight=\"0.83390410958904\">\r\n<div id=\"panel-297-3-0-0\" class=\"so-panel widget widget_sow-editor panel-first-child panel-last-child\" data-index=\"5\" data-style=\"{&quot;background_image_attachment&quot;:false,&quot;background_display&quot;:&quot;tile&quot;}\">\r\n<div class=\"so-widget-sow-editor so-widget-sow-editor-base\">\r\n<h3 class=\"widget-title\">Vi tar st\u00f8rre oppdrag i f\u00f8lgende byer:<\/h3>\r\n<div class=\"siteorigin-widget-tinymce textwidget\"><\/div>\r\n<\/div>\r\n<\/div>\r\n<\/div>\r\n<div id=\"pgc-297-3-1\" class=\"panel-grid-cell panel-grid-cell-empty\" data-weight=\"0.16609589041096\"><\/div>\r\n<\/div>\r\n<div id=\"pg-297-4\" class=\"panel-grid panel-no-style\" data-style=\"{&quot;background_image_attachment&quot;:false,&quot;background_display&quot;:&quot;tile&quot;,&quot;cell_alignment&quot;:&quot;flex-start&quot;}\">\r\n<div id=\"pgc-297-4-0\" class=\"panel-grid-cell\" data-weight=\"0.25\">\r\n<div id=\"panel-297-4-0-0\" class=\"so-panel widget widget_sow-editor panel-first-child panel-last-child\" data-index=\"6\" data-style=\"{&quot;background_image_attachment&quot;:false,&quot;background_display&quot;:&quot;tile&quot;}\">\r\n<div class=\"so-widget-sow-editor so-widget-sow-editor-base\">\r\n<h3 class=\"widget-title\">Bergen<\/h3>\r\n<div class=\"siteorigin-widget-tinymce textwidget\">\r\n\r\nMer info om <a href=\"https:\/\/firmafotografen.no\/bedriftsfotografer-bergen\/\">fotografering og filmproduksjon i Bergen<\/a>\r\n\r\n<\/div>\r\n<\/div>\r\n<\/div>\r\n<\/div>\r\n<div id=\"pgc-297-4-1\" class=\"panel-grid-cell\" data-weight=\"0.25\">\r\n<div id=\"panel-297-4-1-0\" class=\"so-panel widget widget_sow-editor panel-first-child panel-last-child\" data-index=\"7\" data-style=\"{&quot;background_image_attachment&quot;:false,&quot;background_display&quot;:&quot;tile&quot;}\">\r\n<div class=\"so-widget-sow-editor so-widget-sow-editor-base\">\r\n<h3 class=\"widget-title\">Trondheim<\/h3>\r\n<div class=\"siteorigin-widget-tinymce textwidget\">\r\n\r\nMer info om <a href=\"https:\/\/firmafotografen.no\/bedriftsfotografer-trondheim\/\">fotografering og filmproduksjon i Trondheim<\/a>\r\n\r\n<\/div>\r\n<\/div>\r\n<\/div>\r\n<\/div>\r\n<div id=\"pgc-297-4-2\" class=\"panel-grid-cell\" data-weight=\"0.25\">\r\n<div id=\"panel-297-4-2-0\" class=\"so-panel widget widget_sow-editor panel-first-child panel-last-child\" data-index=\"8\" data-style=\"{&quot;background_image_attachment&quot;:false,&quot;background_display&quot;:&quot;tile&quot;}\">\r\n<div class=\"so-widget-sow-editor so-widget-sow-editor-base\">\r\n<h3 class=\"widget-title\">Stavanger<\/h3>\r\n<div class=\"siteorigin-widget-tinymce textwidget\">\r\n\r\nMer info om <a href=\"https:\/\/firmafotografen.no\/bedriftsfotografer-stavanger\/\">fotografering og filmproduksjon i Stavanger<\/a>\r\n\r\n<\/div>\r\n<\/div>\r\n<\/div>\r\n<\/div>\r\n<div id=\"pgc-297-4-3\" class=\"panel-grid-cell\" data-weight=\"0.25\">\r\n<div id=\"panel-297-4-3-0\" class=\"so-panel widget widget_sow-editor panel-first-child panel-last-child\" data-index=\"9\" data-style=\"{&quot;background_image_attachment&quot;:false,&quot;background_display&quot;:&quot;tile&quot;}\">\r\n<div class=\"so-widget-sow-editor so-widget-sow-editor-base\">\r\n<h3 class=\"widget-title\">Kristiansand<\/h3>\r\n<div class=\"siteorigin-widget-tinymce textwidget\">\r\n\r\nMer info om <a href=\"https:\/\/firmafotografen.no\/bedriftsfotografer-kristiansand\/\">fotografering og filmproduksjon i Kristiansand<\/a>\r\n\r\n<\/div>\r\n<\/div>\r\n<\/div>\r\n<\/div>\r\n<\/div>\r\n<\/div>\r\n","protected":false},"excerpt":{"rendered":"<p>Oslo Fotograf Drammen Fotograf Lillestr\u00f8m Fotograf Hele landet &#8211; Norge Fotograf &nbsp; BOOKING OG TIMEBESTILLING, FOTOJOBB Vi sender ut fotografer<a class=\"ninja_pages_read_more\"  href=\"https:\/\/firmafotografen.no\/en\/lokasjon-by\/\"><\/a><\/p>\n","protected":false},"author":1,"featured_media":1896,"parent":0,"menu_order":0,"comment_status":"closed","ping_status":"closed","template":"","meta":{"_lmt_disableupdate":"","_lmt_disable":""},"_links":{"self":[{"href":"https:\/\/firmafotografen.no\/en\/wp-json\/wp\/v2\/pages\/297"}],"collection":[{"href":"https:\/\/firmafotografen.no\/en\/wp-json\/wp\/v2\/pages"}],"about":[{"href":"https:\/\/firmafotografen.no\/en\/wp-json\/wp\/v2\/types\/page"}],"author":[{"embeddable":true,"href":"https:\/\/firmafotografen.no\/en\/wp-json\/wp\/v2\/users\/1"}],"replies":[{"embeddable":true,"href":"https:\/\/firmafotografen.no\/en\/wp-json\/wp\/v2\/comments?post=297"}],"version-history":[{"count":0,"href":"https:\/\/firmafotografen.no\/en\/wp-json\/wp\/v2\/pages\/297\/revisions"}],"wp:featuredmedia":[{"embeddable":true,"href":"https:\/\/firmafotografen.no\/en\/wp-json\/wp\/v2\/media\/1896"}],"wp:attachment":[{"href":"https:\/\/firmafotografen.no\/en\/wp-json\/wp\/v2\/media?parent=297"}],"curies":[{"name":"wp","href":"https:\/\/api.w.org\/{rel}","templated":true}]}}

<div id="pl-297" class="panel-layout">
<div id="pg-297-0" class="panel-grid panel-no-style" data-style="{&quot;background_display&quot;:&quot;tile&quot;,&quot;cell_alignment&quot;:&quot;flex-start&quot;}">
<div id="pgc-297-0-0" class="panel-grid-cell" data-weight="0.5">
<div id="panel-297-0-0-0" class="so-panel widget widget_sow-editor panel-first-child panel-last-child" data-index="0" data-style="{&quot;background_display&quot;:&quot;tile&quot;}">
<div class="so-widget-sow-editor so-widget-sow-editor-base">
<h3 class="widget-title">Oslo Fotograf</h3>
<div class="siteorigin-widget-tinymce textwidget">
<div class="siteorigin-widget-tinymce textwidget">

<a href="https://firmafotografen.no/lokasjon-by/oslo-fotograf-pris/"><img decoding="async" loading="lazy" class="alignleft wp-image-301 size-full" title="superframe" src="https://firmafotografen.no/assets/uploads/oslo-fotograf.jpg" alt="" width="407" height="200" srcset="https://firmafotografen.no/assets/uploads/oslo-fotograf.jpg 407w, https://firmafotografen.no/assets/uploads/oslo-fotograf-150x74.jpg 150w" sizes="(max-width: 407px) 100vw, 407px" /></a>

</div>
</div>
</div>
</div>
</div>
<div id="pgc-297-0-1" class="panel-grid-cell" data-weight="0.5">
<div id="panel-297-0-1-0" class="so-panel widget widget_sow-editor panel-first-child panel-last-child" data-index="1" data-style="{&quot;background_display&quot;:&quot;tile&quot;}">
<div class="so-widget-sow-editor so-widget-sow-editor-base">
<h3 class="widget-title">Drammen Fotograf</h3>
<div class="siteorigin-widget-tinymce textwidget">
<div class="siteorigin-widget-tinymce textwidget">

<a href="https://firmafotografen.no/lokasjon-by/uploads/drammen-fotograf-pris/"><img decoding="async" loading="lazy" class="alignleft wp-image-300 size-full" title="superframe" src="https://firmafotografen.no/assets/uploads/drammen-fotograf.jpg" alt="" width="480" height="244" srcset="https://firmafotografen.no/assets/uploads/drammen-fotograf.jpg 480w, https://firmafotografen.no/assets/uploads/drammen-fotograf-430x219.jpg 430w, https://firmafotografen.no/assets/uploads/drammen-fotograf-150x76.jpg 150w" sizes="(max-width: 480px) 100vw, 480px" /></a>

</div>
</div>
</div>
</div>
</div>
</div>
<div id="pg-297-1" class="panel-grid panel-no-style" data-style="{&quot;background_display&quot;:&quot;tile&quot;,&quot;cell_alignment&quot;:&quot;flex-start&quot;}">
<div id="pgc-297-1-0" class="panel-grid-cell" data-weight="0.5">
<div id="panel-297-1-0-0" class="so-panel widget widget_sow-editor panel-first-child panel-last-child" data-index="2" data-style="{&quot;background_display&quot;:&quot;tile&quot;}">
<div class="so-widget-sow-editor so-widget-sow-editor-base">
<h3></h3>
<h3></h3>
<h3></h3>
<h3></h3>
<h3></h3>
<h3></h3>
<h3 class="widget-title">Lillestrøm Fotograf</h3>
<div class="siteorigin-widget-tinymce textwidget">
<div class="siteorigin-widget-tinymce textwidget">

<a href="https://firmafotografen.no/lokasjon-by/lillestrom-fotografer-priser/"><img decoding="async" loading="lazy" class="alignleft wp-image-302 size-full" title="superframe" src="https://firmafotografen.no/assets/uploads/lillestrom-fotograf-pris.jpg" alt="" width="500" height="246" srcset="https://firmafotografen.no/assets/uploads/lillestrom-fotograf-pris.jpg 500w, https://firmafotografen.no/assets/uploads/lillestrom-fotograf-pris-430x212.jpg 430w, https://firmafotografen.no/assets/uploads/lillestrom-fotograf-pris-150x74.jpg 150w" sizes="(max-width: 500px) 100vw, 500px" /></a>

</div>
</div>
</div>
</div>
</div>
<div id="pgc-297-1-1" class="panel-grid-cell" data-weight="0.5">
<div id="panel-297-1-1-0" class="so-panel widget widget_sow-editor panel-first-child panel-last-child" data-index="3" data-style="{&quot;background_display&quot;:&quot;tile&quot;}">
<div class="so-widget-sow-editor so-widget-sow-editor-base">
<h3 class="widget-title">Hele landet &#8211; Norge Fotograf</h3>
<div class="siteorigin-widget-tinymce textwidget">
<div class="siteorigin-widget-tinymce textwidget">

<a href="https://firmafotografen.no/lokasjon-by/fotografer-med-konkurransedyktige-priser-i-norske-byer/"><img decoding="async" loading="lazy" class="alignleft wp-image-303 size-full" title="superframe" src="https://firmafotografen.no/assets/uploads/norge-fotograf.jpg" alt="" width="500" height="248" srcset="https://firmafotografen.no/assets/uploads/norge-fotograf.jpg 500w, https://firmafotografen.no/assets/uploads/norge-fotograf-430x213.jpg 430w, https://firmafotografen.no/assets/uploads/norge-fotograf-150x74.jpg 150w" sizes="(max-width: 500px) 100vw, 500px" /></a>

</div>
</div>
</div>
</div>
</div>
</div>
<div id="pg-297-2" class="panel-grid panel-no-style" data-style="{&quot;background_display&quot;:&quot;tile&quot;,&quot;cell_alignment&quot;:&quot;flex-start&quot;}">
<div id="pgc-297-2-0" class="panel-grid-cell panel-grid-cell-mobile-last" data-weight="0.5">
<div id="panel-297-2-0-0" class="so-panel widget widget_sow-editor panel-first-child panel-last-child" data-index="4" data-style="{&quot;background_display&quot;:&quot;tile&quot;}">
<div class="so-widget-sow-editor so-widget-sow-editor-base">
<div class="siteorigin-widget-tinymce textwidget">

&nbsp;

<strong>BOOKING OG TIMEBESTILLING, FOTOJOBB</strong>
Vi sender ut fotografer til hele landet for større oppdrag og det kan forekomme reisetillegg for lengre distanser.

Sørg for å bestille eller booke fotograf tidlig for områder langt fra Oslo, da våre fotografer jobber hovedsakelig her.

<a href="https://firmafotografen.no/kontakt-oslo-fotograf/">Kontakt oss direkte for booking og pristilbud.</a>

</div>
</div>
</div>
</div>
<div id="pgc-297-2-1" class="panel-grid-cell panel-grid-cell-empty" data-weight="0.5"></div>
</div>
<div id="pg-297-3" class="panel-grid panel-no-style" data-style="{&quot;background_image_attachment&quot;:false,&quot;background_display&quot;:&quot;tile&quot;,&quot;cell_alignment&quot;:&quot;flex-start&quot;}">
<div id="pgc-297-3-0" class="panel-grid-cell panel-grid-cell-mobile-last" data-weight="0.83390410958904">
<div id="panel-297-3-0-0" class="so-panel widget widget_sow-editor panel-first-child panel-last-child" data-index="5" data-style="{&quot;background_image_attachment&quot;:false,&quot;background_display&quot;:&quot;tile&quot;}">
<div class="so-widget-sow-editor so-widget-sow-editor-base">
<h3 class="widget-title">Vi tar større oppdrag i følgende byer:</h3>
<div class="siteorigin-widget-tinymce textwidget"></div>
</div>
</div>
</div>
<div id="pgc-297-3-1" class="panel-grid-cell panel-grid-cell-empty" data-weight="0.16609589041096"></div>
</div>
<div id="pg-297-4" class="panel-grid panel-no-style" data-style="{&quot;background_image_attachment&quot;:false,&quot;background_display&quot;:&quot;tile&quot;,&quot;cell_alignment&quot;:&quot;flex-start&quot;}">
<div id="pgc-297-4-0" class="panel-grid-cell" data-weight="0.25">
<div id="panel-297-4-0-0" class="so-panel widget widget_sow-editor panel-first-child panel-last-child" data-index="6" data-style="{&quot;background_image_attachment&quot;:false,&quot;background_display&quot;:&quot;tile&quot;}">
<div class="so-widget-sow-editor so-widget-sow-editor-base">
<h3 class="widget-title">Bergen</h3>
<div class="siteorigin-widget-tinymce textwidget">

Mer info om <a href="https://firmafotografen.no/bedriftsfotografer-bergen/">fotografering og filmproduksjon i Bergen</a>

</div>
</div>
</div>
</div>
<div id="pgc-297-4-1" class="panel-grid-cell" data-weight="0.25">
<div id="panel-297-4-1-0" class="so-panel widget widget_sow-editor panel-first-child panel-last-child" data-index="7" data-style="{&quot;background_image_attachment&quot;:false,&quot;background_display&quot;:&quot;tile&quot;}">
<div class="so-widget-sow-editor so-widget-sow-editor-base">
<h3 class="widget-title">Trondheim</h3>
<div class="siteorigin-widget-tinymce textwidget">

Mer info om <a href="https://firmafotografen.no/bedriftsfotografer-trondheim/">fotografering og filmproduksjon i Trondheim</a>

</div>
</div>
</div>
</div>
<div id="pgc-297-4-2" class="panel-grid-cell" data-weight="0.25">
<div id="panel-297-4-2-0" class="so-panel widget widget_sow-editor panel-first-child panel-last-child" data-index="8" data-style="{&quot;background_image_attachment&quot;:false,&quot;background_display&quot;:&quot;tile&quot;}">
<div class="so-widget-sow-editor so-widget-sow-editor-base">
<h3 class="widget-title">Stavanger</h3>
<div class="siteorigin-widget-tinymce textwidget">

Mer info om <a href="https://firmafotografen.no/bedriftsfotografer-stavanger/">fotografering og filmproduksjon i Stavanger</a>

</div>
</div>
</div>
</div>
<div id="pgc-297-4-3" class="panel-grid-cell" data-weight="0.25">
<div id="panel-297-4-3-0" class="so-panel widget widget_sow-editor panel-first-child panel-last-child" data-index="9" data-style="{&quot;background_image_attachment&quot;:false,&quot;background_display&quot;:&quot;tile&quot;}">
<div class="so-widget-sow-editor so-widget-sow-editor-base">
<h3 class="widget-title">Kristiansand</h3>
<div class="siteorigin-widget-tinymce textwidget">

Mer info om <a href="https://firmafotografen.no/bedriftsfotografer-kristiansand/">fotografering og filmproduksjon i Kristiansand</a>

</div>
</div>
</div>
</div>
</div>
</div>

<p>Oslo Fotograf Drammen Fotograf Lillestrøm Fotograf Hele landet &#8211; Norge Fotograf &nbsp; BOOKING OG TIMEBESTILLING, FOTOJOBB Vi sender ut fotografer<a class="ninja_pages_read_more"  href="https://firmafotografen.no/en/lokasjon-by/"></a></p>
